
6
Suppose 5*c + 30 = -3*p, 0 = -5*c + 33 - 48. Let i = -2 + 4. Let w(n) = i*n**2 - 3*n**2 + 3 + 2*n**2 + 7*n. Give w(p).
-7
Let t(s) = 4*s**2 - 45*s - 39. Let r be t(12). Let o(g) = -3*g**2 - 4*g - 3. Determine o(r).
-18
Let f(k) = k**2 - 4*k + 2*k**2 - 2 - k**2 + 3. Suppose m = -51 + 15. Let i be ((-4)/3)/(16/m). What is f(i)?
7
Let n(y) be the first derivative of -y**4/4 + 2*y**3 - 7*y**2/2 + 6*y - 1. Let j be (-2825)/(-452)*4/5. Calculate n(j).
-4
Let a(l) = 25 + l + l - l - 24. Let h = 5 - 8. What is a(h)?
-2
Suppose 0 = 28*z - 16*z - 60. Let k(f) = -9*f - 21. Let m(j) = 22*j + 52. Let b(r) = z*m(r) + 12*k(r). Suppose -4*w = -3*s - 29, -s - w = 5 - 0. What is b(s)?
-6
Let l(j) = -j**3 - 4*j**2 + 5*j + 5. Let v(t) = t**2 - 19*t + 4. Let r be v(17). Let q = r - -39. Let o = 4 - q. Calculate l(o).
5
Suppose -3*r - 75 = -45. Let f(j) = j**3 + 11*j**2 + 13*j + 9. Give f(r).
-21
Let a(u) = u - 14. Let c(f) = 6*f**2 - 6*f - 6. Let w be c(2). Calculate a(w).
-8
Let g = -42 - -26. Let p = 18 + g. Let y(n) = -n - 1. Determine y(p).
-3
Let z(f) = f**2 - 6*f - 15. Let j(c) = 4. Let u(l) = -3. Let p(o) = -5*j(o) - 7*u(o). Let g(x) = 6*p(x) + z(x). Suppose 4*r - 17 - 11 = 0. Determine g(r).
-2
Let k(x) be the third derivative of x**4/4 + x**3/6 + 32*x**2. Give k(-1).
-5
Suppose 8*s - 4*s = -8. Let y(m) be the third derivative of m**6/360 + m**5/40 - m**4/12 + 6*m**2. Let k(l) be the second derivative of y(l). Calculate k(s).
-1
Suppose -2 + 16 = -5*q + 3*v, 0 = -4*v - 8. Let n(a) = -a + 9. Let d be n(7). Let t(u) = 2*u - 33*u**d + 34*u**2 + u. Calculate t(q).
4
Let v(j) = -3*j**2 + 7*j**2 - 3*j**2 - 2 - 3*j**2 + 5*j. Suppose 7*y = 8*y - 3. Calculate v(y).
-5
Let x(z) = 2*z - 10. Let u = 38 - 33. Suppose f + 20 - 54 = -u*w, -2*f = -2*w + 16. What is x(w)?
4
Let l(p) = -10*p**2 - 2*p**2 + p + 26*p**2 - p**2 - 9*p**2. Suppose k + 2 - 3 = 0. Calculate l(k).
5
Let o(p) = 19*p**2 + p - 674 - 18*p**2 + 670. Let h = -4 - -13. Let z(v) = v - 13. Let j be z(h). Give o(j).
8
Let y(u) = -u - 11. Suppose i - 2*i = -3. Suppose 0 = -0*a + i*a + 6. Let k = -7 - a. Give y(k).
-6
Let y(z) = 15*z - 23*z + 2 + 4 + 9*z. Give y(-10).
-4
Suppose 12*u - 7*u - 20 = 0. Let b(t) = -16 + u*t**2 + 19 - t - 2*t**2 + 6*t. Give b(-3).
6
Suppose -5*t = n - 27, 5*t = -2*n + 3*n + 33. Suppose 0 = 8*u - t*u - 2*l - 6, 0 = 3*u - 2*l - 14. Let r(z) = z**3 - 8*z**2 - 2*z + 12. Determine r(u).
-4
Let j be 0 + 1 + (-5)/(-1). Suppose j*g = 3*g - 15. Let a(r) = 3*r**3 + r**2 + 1. Let o(y) = -y**3 + 2*y**2 - 1. Let q(f) = a(f) + 2*o(f). Give q(g).
-1
Let d(b) be the third derivative of -4*b**2 + 0*b**5 + 0*b**3 + 1/8*b**4 + 0*b - 11/720*b**6 + 0. Let l(r) be the second derivative of d(r). Calculate l(-1).
11
Let f be (8/(-32))/(5 + -35). Let y(h) be the third derivative of 0*h**4 + 4*h**2 + f*h**6 + 0*h**3 + 0*h + 0 + 1/20*h**5. Give y(-2).
4
Let j be 1/4 + 45/12. Suppose 0 = -2*w - j*t + 30, -2*w + 3 = -3*w + 4*t. Let l(m) = -m**2 + 8*m - 1. Determine l(w).
-10
Let r = 61 - 56. Let t(x) be the first derivative of -x**4/4 + 5*x**3/3 + 7*x + 55. Calculate t(r).
7
Let d(m) = m**2 + 8*m. Suppose 52*u + 206 = -2. Give d(u).
-16
Let i(o) = -o + 6. Suppose -3*z + 5*a + 11 = 6*a, 10 = -2*z - 5*a. Determine i(z).
1
Suppose r = 4*d + 17, -3*r + 2*r - 2*d + 29 = 0. Let b(a) = 6*a**2 + r - 25 - a. Determine b(-1).
7
Suppose 5*o = 288 - 258. Let h(y) = -y**3 + 5*y**2 - y + 37. Give h(o).
-5
Let r(w) = w - 5. Let c(z) be the third derivative of -z**4/8 + 3*z**3/2 + 12*z**2. Let k(n) = 2*c(n) + 5*r(n). Give k(-5).
-2
Let a(o) = -o + 12. Suppose -1 = i - 0*i - 3*v, 5*v - 11 = -3*i. Let t(l) = -13 + 4*l**3 - 3*l**3 - 9*l**i - 2*l**3 + 9 + 9*l. Let g be t(-10). Determine a(g).
6
Let i(a) = -6*a**3 + 4*a**2 - 17*a - 19. Let x(q) = q**3 - q**2 + 3*q. Let b(s) = -i(s) - 5*x(s). Determine b(-3).
-5
Let x(c) = -11*c**2 - c**3 + 2*c**2 - 4 - 1. Let r be x(-9). Let h(w) = 2*w - 14*w + 3*w - 7 + 8*w. What is h(r)?
-2
Let l(b) be the first derivative of -b**4/4 - 11*b**3/3 - 5*b**2 + b + 29. Let a be l(-10). Let u(p) = -9*p**3 - p**2 + p - 1. What is u(a)?
-10
Let g(p) be the first derivative of p**3/3 + 3*p**2/2 - 3*p - 3. Let w(m) = m**2 + 7*m + 3. Suppose -2*d = 4 + 8. Let l be w(d). Give g(l).
-3
Let r(y) = 2*y - 7. Let b be (-4)/((-10)/(-4) + -3). Let v be -2*(-2 - (-12)/b) - 6. Give r(v).
-17
Let g(i) = -16*i**2 + 64*i + 112. Let o(n) = 5*n**2 - 22*n - 37. Let j(q) = 3*g(q) + 10*o(q). What is j(15)?
-4
Let s(g) = g + 1. Let o be s(8). Let i(p) = 3*p**2 + 5*p - 1. Let a(u) = -13*u**2 - 21*u + 5. Let v(h) = o*i(h) + 2*a(h). Calculate v(-3).
1
Let l(c) be the third derivative of -c**4/24 + 7*c**3/2 + 13*c**2. What is l(10)?
11
Suppose -2*u = -2*t, -8 = 4*t - 2*t. Let j(z) = z**3 + 4*z**2 - 2*z - 3. Calculate j(u).
5
Let r(p) = p + 12. Let a(w) = w**2 - 6*w + 4. Let c be a(6). Suppose s - 7 = c*x + 19, -10 = 5*s. Determine r(x).
5
Let y(f) = -2*f - 1. Let m(x) = x - 4. Let k(i) = -m(i) + 3*y(i). Give k(2).
-13
Let g(t) = -t**3 + 3*t**2 + 3. Let f be 29/7 - (-20)/(-140). Let z be 1*f + (-1 - -4). Suppose -4*l + 23 = z. Give g(l).
-13
Let v(o) = -3*o - 3. Suppose -8*p = 6*p + 406. Let h(y) = y**2 + 29*y - 4. Let t be h(p). What is v(t)?
9
Let v(a) = 5*a**2 - 15*a - 13. Let b(l) = -3*l**2 + 8*l + 7. Let h(i) = 7*b(i) + 4*v(i). Suppose -2 = -3*y + 4. Let j be (36/24)/((-1)/y). What is h(j)?
0
Let g(k) = -k**3 - 10*k**2 + 12*k + 15. Suppose 0 = 10*y + 55*y + 715. What is g(y)?
4
Let h = -15 - -9. Let u(m) = 6*m**2 - 7. Suppose -4*n + 8*n = 24. Let o(i) = -7*i**2 + i + 8. Let z(b) = n*u(b) + 5*o(b). Calculate z(h).
4
Let h(v) = 25265*v**2 + 3*v - 5 + 0*v - 4*v - 25266*v**2 + 3*v. Determine h(0).
-5
Suppose 0 = u - 2*u + 3. Suppose -7 = -2*a - 3*q + 14, -4*a + 33 = u*q. Let d(x) be the first derivative of -x**4/4 + 2*x**3 - x**2 + 4*x - 11. Give d(a).
-8
Let u(w) = -w**3 - 16*w**2 + 34*w - 38. Let a be u(-18). Let s(o) = 5*o**3 + 2*o**2 - 2*o. Calculate s(a).
-28
Let s(q) = -7*q - 124 + 62 + q**2 + 63. What is s(7)?
1
Suppose 2*i - 52 = 242. Let z = -252 + i. Let k be (-94)/14 + 30/z. Let u(s) = s**2 + 8*s + 9. What is u(k)?
2
Let m be (2/(-5))/((-6)/(-60)). Let n = -2 - m. Suppose 3*u + 4 = n*u, -3*p + 3*u + 30 = 0. Let s(b) = b. Determine s(p).
6
Let w(z) = z**2 - z - 16. Let j be w(4). Let i(n) = -n**3 + 3*n**2 - 2*n + 3. Let u be i(2). Let s = j + u. Let q(p) = 3*p. Determine q(s).
-3
Let w(t) = t - 1. Let l be 4 + -1 + (1 - 0 - -1). Suppose -4*d - 3*z = -8, l*d = -10*z + 5*z + 10. Give w(d).
1
Let t(y) = y**2 - 6*y - 1. Suppose -5*g = 21 - 1. Let c be -2*(-2)/g - -4. Let z be -3 + c - (-16)/4. Determine t(z).
-9
Let q be ((-2)/(-1) + 0)*2. Suppose -27 = -q*w - 5*p, 0*p = 3*w - p - 6. Let b(l) = -3 + 0*l**2 - w*l - 5 + 1 + l**2. Calculate b(5).
3
Let j(n) = 62*n - 167. Let f(u) = 14*u - 42. Let g(q) = -9*f(q) + 2*j(q). Calculate g(16).
12
Let u(j) = -j**2 + 11*j - 11. Let g = -232 + 158. Let m = 83 + g. Determine u(m).
7
Let b(n) = -2*n**3 - 2*n**2 - n - 2. Let r(z) = -z**2 + 17*z - 16. Let l be r(15). Suppose -3*x = 2*p - 2*x + 1, 0 = -p + 4*x - l. What is b(p)?
8
Let n(c) = -4 - 4*c + 14 + 5*c + 0*c. Let w be 3 + 12*6/(-45)*5. What is n(w)?
5
Let z(u) = u**3 + 7*u**2 - 11*u - 11. Let a be z(-8). Suppose 0 = 2*y + a - 1. Let c(p) = -2*p - 8. What is c(y)?
4
Let u(m) = m**3 + 7*m**2 - 7*m - 6. Let r(g) = 21*g - g**3 + 1307*g**2 + 4 - 1297*g**2 + 24. Let z be r(12). Determine u(z).
-14
Let k(i) = 5205*i - 5187*i + 3*i**2 - 2*i**2. Calculate k(-13).
-65
Let x = -31 - 14. Let k = x - -47. Let s(v) = v**3 - v**2 - v + 1. What is s(k)?
3
Let r(c) be the first derivative of 3*c**2/2 + c + 9. Calculate r(2).
7
Let z(i) be the first derivative of i**2/2 + 11*i - 313. Determine z(-10).
1
Let b be 135/9 - (1 + 2). Let o = b + -5. Let q(l) = -l**2 + 5*l + 9. What is q(o)?
-5
Let b(a) = -5*a**2 + 5*a + 6. Let l(p) = -12*p**2 + 11*p + 14. Let n(w) = 7*b(w) - 3*l(w). Calculate n(-2).
0
Let g be (-80)/24*9/6. Let b(n) = -4*n + 5. Calculate b(g).
25
Let a(w) = -w**2 + 4*w + 8. Let i(t) = -t**3 + 4*t**2 + 12*t - 20. Let k be i(-3). Determine a(k).
-13
Let z(o) = 19*o**3 - 23*o**2 - 19*o - 1. Let t(b) = -8*b**3 + 11*b**2 + 10*b. Let l(f) = -7*t(f) - 3*z(f). What is l(-6)?
9
Let j = 46 + -41. Let b(g) = -3*g + 9. Let t(l) = -2*l + 5. L